 (-7 + -12 + 8)) + 2?
6
What is the value of -1 - (7 - 3 - 1)?
-4
What is 3 + -3 + -2 + (1 - 5)?
-6
Evaluate 2 + (3 - (6 - 6)).
5
What is 15 + -13 - ((3 - -3) + -4)?
0
Calculate -8 + 8 - (0 + 0) - 2.
-2
Evaluate -2 - 1 - (2 - 3) - -7.
5
What is -13 + (3 - (-10 - -3))?
-3
Calculate (5 - 6) + (3 - 2) + -8.
-8
-1 - (3 + 2 - (-7 + 8))
-5
What is (-1 - 10) + 7 - (-6 + -3)?
5
What is the value of (2 - (-3 + 2)) + -2?
1
What is the value of -3 + -4 + (-3 - -9)?
-1
Evaluate 1 - (-4 + (1 + 0 - -6)).
-2
3 - (8 + (-4 - -7))
-8
Calculate 0 + -4 + (-5 - -13).
4
What is -4 - (3 + 1 + -2 + -1)?
-5
Evaluate -8 - (-8 + 3) - (0 - 0).
-3
Calculate 3 - ((10 - 1) + 2).
-8
What is the value of 3 + -3 + (9 - 6) + -6?
-3
Evaluate -7 + (-5 - -1 - -8).
-3
What is the value of 0 - (-3 + -2) - 3?
2
Calculate 0 - ((0 - -3) + -7 + 1).
3
Evaluate 1 + -5 + (8 - (0 - -5)).
-1
Calculate 0 + -7 - -5 - -5.
3
39 - 44 - (-7 - 4)
6
Evaluate -3 - (-10 + 3) - 1.
3
Evaluate 1 + -1 - (-2 - (2 - 9)).
-5
(9 - 8) + (-3 - 2)
-4
Evaluate -7 - (1 - (1 + 11)).
4
What is -8 - (2 + -7) - (-2 + 5)?
-6
What is -3 + 0 + 16 + -6?
7
What is -7 - (-5 - 1 - 6)?
5
Calculate -5 + -2 + -4 + 10.
-1
What is the value of 1 - -1 - -1 - 0?
3
Evaluate (-1 - -3) + -12 + 2 + 5.
-3
What is 0 + 4 + -3 - -3?
4
(-1 + 2 - -4) + -2
3
What is 6 + (-10 + (7 - 1) - 0)?
2
What is -3 - (1 + 0 + -3 + 0)?
-1
1 + (-5 - -4) + 6 + -1
5
Calculate 0 + 7 - (-35 - -37).
5
Calculate -4 + (-1 - (0 + -5)).
0
Evaluate 7 + -8 + (-5 - -2) - 0.
-4
Evaluate -2 + (0 - (1 + -2)) - 1.
-2
-8 + (-1 - (-1 + -4))
-4
Calculate (5 - 1) + -2 + 7 + -3.
6
Calculate 17 - ((-4 - -4) + 10).
7
Calculate -4 + (8 - (-2 + 11)).
-5
What is the value of 9 - (4 + -9 - -9)?
5
(-1 - 3) + 14 + (-5 - -1)
6
Calculate 5 + 0 - (-3 + 4) - 4.
0
What is the value of (1 + 8 - 1) + (-3 - 0)?
5
What is the value of -23 + 20 + (4 - -1) + 1?
3
Evaluate 2 + 8 + (-8 - -6).
8
Calculate 3 - (-1 - (-8 - 0)).
-4
Evaluate (-8 - -9) + 2 - 9.
-6
Evaluate (6 - -3) + (-18 - -17) - 7.
1
1 - 7 - (-17 + (18 - 12))
5
Evaluate (-1 - 2) + (3 + -1 - 0).
-1
What is the value of -6 + (8 - -9) + -6?
5
What is 0 + (9 - 7) + 3?
5
Calculate 0 + 4 + (1 + 1 - 6).
0
Evaluate -5 + 4 + (2 - 5) + 0.
-4
1 + (-6 - (-1 - (5 - 2)))
-1
Calculate -4 - ((-3 - -4) + -13 - -3).
5
-4 - 1 - (-5 + 0)
0
Calculate 0 + 1 + 3 - (8 + 0).
-4
Evaluate (-3 - (-7 + 3)) + -8.
-7
Calculate 1 + 2 + 2 - (-7 + 9).
3
What is 3 + -3 - (3 - (4 - 4))?
-3
What is the value of 49 + -46 - (2 - (0 + -2))?
-1
Calculate 0 + (-3 - -1 - -1) + 0.
-1
What is 7 - (6 - (-8 - -11))?
4
Calculate 2 - 1 - (2 - (13 + -11)).
1
Evaluate -3 - (8 - (2 + 4)).
-5
Calculate 4 + 0 + (5 - 3) + -4.
2
What is the value of -1 + -3 + 0 + (6 - 0)?
2
What is the value of -6 + 4 + -9 + 8?
-3
Calculate -10 - -7 - (2 - 2) - -2.
-1
What is 2 + -5 - (2 - 3) - -5?
3
What is 1 + -4 + 5 + -4?
-2
Calculate 0 - -2 - (5 - (-1 - -6)).
2
What is the value of (-4 - -1) + (-1 - 1) + 7?
2
Evaluate -4 + 2 - (-1 + (-1 - 1)).
1
What is the value of -19 - -14 - (2 - (-2 - -4))?
-5
Evaluate -1 + -3 + 11 + -13.
-6
Evaluate 0 + (-1 - (-3 - -1)).
1
What is (3 - -1) + 24 + -30?
-2
What is 7 - 13 - -9 - (7 + 0)?
-4
What is (-5 - (6 + -6)) + -1 + 13?
7
Calculate 4 + (-6 - -2) - -2.
2
Calculate 1 - ((3 + 0 - 3) + -2).
3
(-9 - (-7 - 4)) + 2
4
Calculate -1 - -1 - (-1 - -5).
-4
Calculate -1 - (-5 - 1 - -3 - -2).
0
Calculate 0 - 0 - (1 - (3 + -5)).
-3
Evaluate 1 + -1 - (22 + -25).
3
Evaluate -4 + (3 - 1 - -3).
1
What is -4 + (4 + 2 - -2) + -8?
-4
What is -8 - (-7 - -2) - -4?
1
0 + 2 + -7 + 2
-3
Calculate 15 - 10 - (2 - 2) - 5.
0
-26 - -31 - (1 + 6)
-2
Calculate (5 - (-6 + 19)) + 5.
-3
Calculate 0 + 3 + (0 - -1).
4
What is 0 + -1 - (-2 - 4)?
5
What is -1 + -3 + (-3 - -9)?
2
What is the value of 0 + 1 - (-2 - 0 - 4)?
7
Calculate -2 - -3 - (-1 + -1 + -1).
4
What is -7 - (6 + -6 + 2)?
-9
1 - 0 - ((-4 - -5) + -3)
3
What is 2 + (-1 - 1) - (-2 - -1)?
1
7 - (1 + 0 - (2 - 4))
4
What is -6 + 0 + (1 - 7) + 7?
-5
Evaluate 0 + (2 - 5 - 2).
-5
Evaluate -3 - 1 - (19 + -16) - -3.
-4
Evaluate -3 - (2 - (7 - -9)).
11
((0 - -3) + 4 - 4) + 0
3
Calculate (-12 - -10) + 1 + -1.
-2
Calculate -5 + ((5 - 14) + 3 - -2).
-9
Calculate -6 + 5 + 2 - 6.
-5
(0 - -7) + -23 + 21
5
Evaluate 5 - ((-5 - -10 - 1) + 1).
0
What is the value of -3 - ((19 - 7 - 9) + -1)?
-5
Evaluate 6 + (-16 - (-8 - -3)).
-5
What is (-19 - -12 - -13) + (1 - 3)?
4
Calculate (0 - (-1 + 2)) + -5 + 7.
1
Calculate -7 - (4 + -2 + -8).
-1
What is the value of -1 - (-3 + (-2 - -4))?
0
Calculate 5 - (0 - 5 - -12).
-2
Calculate 6 - (0 + (-3 - -8)).
1
What is -4 + (4 - 0) + 3?
3
Evaluate (-5 - 0) + 1 + 1 + 1.
-2
Evaluate -8 + 7 + (6 + 0 - 0).
5
Calculate -8 + -3 + 18 + -2 + -16.
-11
Evaluate (4 - 1) + 0 + 0 + -4.
-1
Calculate -12 - (-4 - (-1 + 16)).
7
Calculate 7 - ((-3 - 1) + 18 + -13).
6
What is 8 + -4 - 8 - 1?
-5
Evaluate 4 - (7 - 9 - -1).
5
Evaluate -18 + 22 + (-3 - -1).
2
What is 12 + (-7 - (-9 - -6 - 1))?
9
(-4 - 0) + 0 + 0
-4
0 - 3 - (6 + -14)
5
What is 9 + -3 + -2 + -4 + -7?
-7
-2 + 5 - 4 - (-2 - -6)
-5
Evaluate -10 + (6 - (-6 - -6)).
-4
-4 + 2 + 3 + 0
1
What is the value of 1 + -1 - 2 - 2?
-4
What is the value of 47 + -34 + (0 - 5) + -1?
7
What is the value of 0 - 6 - (-16 + (-13 - -29))?
-6
What is the value of -1 - (-3 + 3 + 1 - -2)?
-4
(-3 - -1 - 0) + (7 - 1)
4
(-4 - -4) + -9 - -4
-5
Evaluate 7 + (6 - 10) - (3 + -4).
4
4 + (-4 - (-16 + 9))
7
What is 0 + -1 - (-33 - (-28 - -3))?
7
-2 + -2 + (10 - 2)
4
What is -7 + 0 - (0 - 12) - -4?
9
What is (1 - -5) + (141 - 144)?
3
-7 - (5 + -5 - 11)
4
10 - 10 - (-2 - (4 + -3))
3
What is -17 - (-1 + (11 - 22))?
-5
What is the value of -4 + 1 + 12 + (-1 - 6)?
2
What is 17 + -8 + -3 + (-2 - -1)?
5
What is the value of 4 + -8 + 6 + -4 + 1?
-1
What is -4 + 6 + -5 + 4 + 3?
4
Calculate (-12 - -17) + -2 + 1 + -3.
1
What is the value of 1 + (18 - 18) + (1 - -2)?
4
What is -6 - (-7 + -2 + 5)?
-2
Calculate 5 - 4 - (2 - 0 - 0).
-1
Calculate -4 + 12 + 0 + -6.
2
2 + -4 + 5 + (-8 - -3)
-2
Evaluate 6 - 3 - (3 - 2 - -2).
0
What is -4 - (4 - (5 - -1 - 2))?
-4
Evaluate 7 + -3 + -1 + 0.
3
Evaluate 8 - (7 - (3 + 3)).
7
What is -9 - (-15 + (12 - 12))?
6
What is the value of -5 + 11 + -3 + -3?
0
2 + (1 - 1) + -1
1
Calculate (-20 - 2) + 9 + 8.
-5
Evaluate -54 - -48 - (-1 - (-1 + -1)).
-7
Evaluate (1 + 2 - 9) + 5.
-1
What is -12 - (3 + (-10 + 6 - 4))?
-7
Calculate 3 - (2 - -2 - (-2 + 0)).
-3
What is the value of -3 + (9 - 11) - -5?
0
What is 2 + 6 + -9 - 1?
-2
What is (12 - (23 - 8)) + (-1 - -6)?
2
Calculate -2 + 7 + (-3 + 9 - 7).
4
Evaluate -2 + 0 - (40 - 38).
-4
Evaluate (-1 - (4 + -10) - 4) + 6.
7
Calculate (3 - 1 - 4) + -1 + 6.
3
What is -7 + 11 - 9 - 1?
-6
What is the value of 35 + -33 + -8 + 1?
-5
0 - 3 - -2 - 1
-2
Calculate -3 - (-1 + -2 - -3).
-3
What is the value of -7 + (1 - -7) - (1 - 5)?
5
-18 - (0 + -7) - -4
-7
What is (-4 - 1) + 8 + (-8 - -2)?
-3
Calculate -8 + 5 + 14 + -6.
5
What is -1 - (1 + -3 - (4 + -4))?
1
-4 - (2 - 2) - -4
0
What is 2 + (3 - 9) + 3 + 0?
-1
-6 - (0 + 3 - 4 - 3)
-2
(-12 + 5 - -5) + 6
4
Calculate (10 + -22 - -17) + (1 - -1).
7
What is the value of -69 + 66 + -1 + 2?
-2
Evaluate (8 - 5) + 14 + -9.
8
What is 36 - 41 - (0 + 0) - 1?
-6
-3 + (7 + -2 - 2) - 1
-1
Evaluate -1 + 10 + (-63 - -55).
1
Evaluate (3 - 8) + (-5 - (-13 - -6)).
-3
What is 2 + (-9 - -7) + -2?
-2
Calculate 1 - (2 + -3 + (1 - 1)).
2
What is the value of 16 + -14 + (-1 - -2) + -1?
2
Calculate 0 + -4 + 62 + -62.
-4
Calculate -5 + (14 - 3) - -3.
9
What is the value of 4 - (4 + (-4 - -4) + -1)?
1
What is -1 + -1 - (9 + (-14 - -7))?
-4
Calculate -5 + 1 - 11 - -12.
-3
Evaluate (10 - -7) + -14 - (7 - 1).
-3
Calculate -1 - (4 + -9 - 1).
5
Evaluate 8 + -11 - (-4 + 1).
0
What is 21 + -17 + 3 + -1?
6
Calculate 3 + -1 + -5 + 2 + 5.
4
6 + (3 - 1 - (30 - 27))
5
Calculate -3 + 11 + (-1 - (-1 - -3)).
5
What is 12 + (9 + -5 - -1 - 9)?
8
Calculate 0 + -5 + 1 - (-3 + -1).
0
What is the value of 2 + 1 + (-4 + 1 - -2)?
2
What is 4 + (2 - (1 + 5))?
0
Calculate (-1 - -6) + (-18 - (-10 - 2)).
-1
7 - (6 + 1 - (0 + 8))
8
What is the value of -1 + 0 - 3 - 0?
-4
-5 - (4 + (-5 - 2))
-2
Evaluate (-2 - (3 - 3)) + (1 - 1).
-2
4 - (3 - (1 - 4))
-2
What is the value of -6 + 9 + -9 + 8?
2
What is 5 - (2 + 5) - -1?
-1
What is 0 - (-3 - -6 - 3)?
0
Calculate (-38 - -28) + 0 + 4.
